 digit of o/(-8)*-4 + 1 - -2?
5
Let m(o) be the second derivative of 29*o**6/120 + o**5/30 + 11*o**4/6 + 31*o. Let z(g) be the third derivative of m(g). What is the units digit of z(1)?
8
Suppose a + 30697 = 42474. What is the tens digit of a?
7
Let s(v) = v + 1. Let k be s(17). Let o = 63 - k. What is the tens digit of o?
4
Suppose -5*t - 27 = 3*a, 0 = 5*a + 2*t + 35 - 9. What is the tens digit of a/(-6) - 82*1/(-3)?
2
Suppose -2*r - y = 2, -3*r + 2*y = -4*r - 4. Suppose r = -2*j + 6*j + 8. What is the units digit of ((-1)/3)/(j/48)?
8
Let x(t) be the third derivative of -t**4/12 + t**3 - 9*t**2. Let l be x(5). What is the units digit of -105*(288/(-351) - l/26)?
0
Let y = 2086 + -4032. Let x = 3395 + y. What is the thousands digit of x?
1
Let k be 99 - (6/21 + (-2)/7). Suppose 0 = w + 5*f - 95, k = -0*w + w + f. What is the tens digit of w?
0
Let d = 44614 - 25547. What is the hundreds digit of d?
0
Let v(d) = -5*d - 45. Suppose 2*s = -2*l + 3 + 89, -4*s + 199 = l. Let x = -68 + s. What is the tens digit of v(x)?
4
Suppose -277*u + 218*u + 1428862 = 0. What is the units digit of u?
8
Let s be (-8)/(-3)*(-198)/88 - -1373. Let r = s + -110. What is the thousands digit of r?
1
Let z be 2/((-4298)/(-716) - 6). Suppose 0 = 48*x - 44*x - z. What is the hundreds digit of x?
1
Let j = 10573 + -2249. What is the hundreds digit of j?
3
Let t(s) = 3*s**2 + 3*s - 4. Let b be t(1). Let k(d) = b*d**2 - 37*d - 39 - 10 + 36*d. What is the units digit of k(-7)?
6
What is the thousands digit of (8/(8/(-167)))/((-7)/623)?
4
Let r(i) be the first derivative of 1/3*i**3 - 2*i - 41 + 167/4*i**4 + i**2. What is the units digit of r(1)?
8
Suppose -6286 = -u - 6*b + b, -4*u + 5*b = -24994. What is the tens digit of u?
5
Let i(s) = -11*s**3 - 14*s**2 + 77*s + 445. What is the thousands digit of i(-8)?
4
Suppose 11*n = w + 6*n - 90414, 4*w - 361596 = 5*n. What is the thousands digit of w?
0
Let l be (36/(-8) - -3)/(3/(-6)). What is the units digit of 245 - (-3 + l - 5)?
0
Suppose -11 = -4*f + 5*a, 4*f + 2*a + 9 = -1. Let j(d) = -182*d**3 - d**2 - d. Let n be j(f). Let x = n + -90. What is the units digit of x?
2
What is the units digit of (90200/6 - -2)*((-210)/(-28))/5?
3
Suppose 5*z - 5 = -2*y - 15, 0 = 2*y - z - 14. Let p = 233 - 226. Suppose -82 = -p*g - y. What is the tens digit of g?
1
Suppose 81*h = 99*h - 94086. What is the tens digit of h?
2
Let c be (3 - (-1417)/(-3))/(8/(-24)). Suppose 4*p = 7 + 5. Suppose -8*w - p*w + c = 0. What is the hundreds digit of w?
1
Suppose -46093 = -19*t + 209913. What is the thousands digit of t?
3
Let f = 95 - 87. Let j(x) = x**3 - 6*x**2 - 2*x + 8. Let y be j(f). Let t = -32 + y. What is the units digit of t?
8
Let z = -206 + 207. What is the hundreds digit of (z*-313)/((-35)/70)?
6
Suppose 3*z - 4*r - 66803 = 0, -4*r + 8024 = 4*z - 81056. What is the tens digit of (z/(-65))/((-3)/10)?
4
Let p(d) = -55*d**3 - 6*d**2 - d - 4. Let f(z) = -z**3 + z**2 - z. Let w(i) = 5*f(i) + p(i). Suppose 0 - 5 = 5*b. What is the units digit of w(b)?
1
Let l = 6811 + -1856. What is the tens digit of l?
5
Let b be -3 - -2 - (0/3 - 3). Let w be ((-13)/2)/((-15)/(-10) - b). Suppose 7*x = w*x - 660. What is the hundreds digit of x?
1
Suppose 10*k - 30 = -0*k. Suppose v + 7 = -k*m + 3390, -3399 = -3*m + 3*v. What is the thousands digit of m?
1
Let r = -107 + 94. What is the hundreds digit of ((-2925)/(-10))/r*-28?
6
Let z(r) = -193*r - 51. Let s be z(4). Let n = 1628 + s. What is the tens digit of n?
0
Let c be 6/12*14 + 9. Suppose c*r - 86127 = -41*r. What is the tens digit of r?
1
Let t = 11 + -20. Let w = t - -11. Suppose -4*n = -8, -w*s + 209 = 3*s + 2*n. What is the tens digit of s?
4
Let n(b) = -2*b + 3. Let f = 0 + 24. Suppose -4*t + 0*t = f. What is the units digit of n(t)?
5
Suppose -3*j = 5*q - 1, 5*q = 4*j - 5*j + 7. Let i(f) = 23*f**2 - 4*f - 24. What is the tens digit of i(j)?
9
Let z = 18872 + -8429. What is the ten thousands digit of z?
1
Let i be (-29)/7 - 4/(-28). Let b be 0 + i + 3 + -1. What is the units digit of (8/22)/b - (-7689)/363?
1
Let b = -741 + 741. Suppose 8*s - v = 3*s + 2280, 3*s - 5*v - 1390 = b. What is the hundreds digit of s?
4
Let s = 43 + -38. Suppose -2*w - 5*k - 5 = -w, s*w = 2*k + 2. What is the tens digit of ((-5)/4)/(4/(-64) - w)?
2
Suppose 3*i = 2*f - f + 348, 5*i + 1030 = -3*f. Let h = -274 - -810. Let x = h + f. What is the tens digit of x?
9
Let z(i) = i**3 + 8*i**2 + 9*i - 13. What is the thousands digit of z(9)?
1
Suppose -8224 - 34655 = -16*j - 9775. What is the hundreds digit of j?
0
Suppose 2*o - 24310 = -n + 43833, 5*n - 34076 = -o. What is the ten thousands digit of o?
3
Let n(q) = -264*q**3 + q**2 - 1. Let h be n(-1). Let k = h - 228. What is the tens digit of k?
3
Let a(n) = -n**3 + 36*n**2 + 37*n. Let i be a(37). What is the units digit of -329*(-1 - i) - 32/(-8)?
3
Let y(s) = 292*s**2 + 197*s - 804. What is the thousands digit of y(4)?
4
Let u(y) = 4*y + 38. Let l be u(-17). Let s = l - 73. Let a = s - -158. What is the units digit of a?
5
Let r be (-4 - -3)/(2/10). Suppose 21 - 85 = -16*z. What is the hundreds digit of r*z/(-30) - (-596)/6?
1
Let g = 3843 + -7153. Let r = g + 4694. What is the units digit of r?
4
Suppose -13*d - 736 = -5*d. Let x = 143 + d. Let z = x - -43. What is the units digit of z?
4
Let t = -43 - -46. Let d be (-5 + t)/(-3 - -2). Suppose 2*b = 3*m + 6 + 3, 0 = -d*b - 4*m + 44. What is the tens digit of b?
1
Let t(d) = 3*d**2 - 38*d - 3. Let q be t(13). Let l = q + 156. What is the units digit of l?
6
Suppose -9 - 13 = -11*q. Suppose -q*t = 2*w - 764, 1940 = 5*w - 0*t - t. What is the units digit of w?
7
Suppose 38 - 4 = 2*m. Suppose -i + 60 = -4*v - m, 2*i - 4*v - 134 = 0. Let l = i + -23. What is the units digit of l?
4
Let v(c) = 24*c + 12. Let x be (18/8)/(22/88). Let h be v(x). Suppose -6*o = -0*o - h. What is the tens digit of o?
3
What is the thousands digit of 1 - (347*-13 - (88 + -84))?
4
Let y = 25615 + -4823. What is the hundreds digit of y?
7
Suppose 0*d = -4*d + 12. Suppose 2*g - 5*p - 682 = 0, -p + d*p = 2*g - 688. What is the hundreds digit of g?
3
Let f = -232 - -219. Let m = -1 - f. What is the tens digit of m?
1
Let p(n) = -n**3 - n**2 + 4*n - 2. Let q be p(-3). Suppose 3*c - 286 = m, -5*c - 376 = -9*c + q*m. Let h = c + -79. What is the tens digit of h?
1
Let r be (2664/40)/((-3)/15). Let s = r - -576. What is the hundreds digit of s?
2
What is the hundreds digit of (-21)/(-42)*(0 + 7876) + -8?
9
Suppose 0 = -4*x - 5*d + 97534, 35*d = 31*d + 8. What is the hundreds digit of x?
3
Let d be (-6 - -18) + -8 + 783. Suppose 2*i = x + 1569, 5*x = i + 7*x - d. What is the units digit of i?
5
Let p be ((121940/39)/(-14))/((-2)/36). Suppose 0 = 472*k - 476*k + p. What is the thousands digit of k?
1
Suppose -3*o = 5*b + 13, -3*b = 4*o + b + 4. Let g be ((-42)/(-2))/((-2)/o - -2). Suppose -4 = 2*y - g. What is the units digit of y?
5
Suppose 5*w = 4*q - 11102 - 10163, -4*w = q - 5332. What is the thousands digit of q?
5
Let a be (2/(-3) + 0)/(8/60). Let s = a + -5. What is the tens digit of (8/3)/(s/(-255))?
6
Suppose 35 = 5*i + 2*i. Suppose 3*h = -i*h + 568. Let q = h + -50. What is the tens digit of q?
2
Suppose 4*z = -l + 18, -5*z - 2*l + 19 = l. Suppose 94 = -z*s + 119. Suppose -124 = -s*g + 3*g. What is the units digit of g?
2
Suppose 2304*u - 2305*u + 3274 = 0. What is the hundreds digit of u?
2
Let u(o) = 65*o**2 + 6*o + 4. Let y be u(-1). Let n = -33 + y. Suppose -23*c - 1064 = -n*c. What is the tens digit of c?
5
Let s be (-84)/10 - 6/(-15). Let i(c) = -20*c - 1480. Let t be i(-75). What is the units digit of s/10 + 5136/t?
6
Let w = 45 - 41. Suppose -w*c - 4*b + 5*b + 2039 = 0, 3*c - 1538 = -b. Let o = c - 326. What is the units digit of o?
5
Let d(t) = t**2 - 1. Let l(u) = u + 0*u**3 + 7*u - 12 + 13*u**2 - 2*u + u**3. Let p(y) = 3*d(y) - l(y). What is the units digit of p(-10)?
9
Let i be (-2*(2031/2 + -2))/(-1). Suppose -5*q - 4*h = -i, q - 412 = -5*h + 2*h. What is the hundreds digit of q?
4
Let n = 390 - 341. Suppose 0 = -n*c + 45*c + 3120. What is the tens digit of c?
8
Suppose -5*d + 15 = -q - 8, 2*q = 3*d - 18. Suppose 0 = 4*y + 4*f - 2248, -11*f + 2246 = d*y - 9*f. What is the units digit of y?
1
Suppose -631*z + 626*z - 8895 = 0. Let y = z 